 What are the prime factors of m?
3, 23
Suppose -18*a + 4 = 4. Suppose 2*f - 1 = -u, a = -f - 3*f - 8. List the prime factors of u.
5
Suppose 2*x + 4*n - 6 = 0, -n - 26 = 2*x - 7*x. Suppose -x*o + 20 = -o. Suppose -o*z - d + 22 - 5 = 0, -2*z + 2 = 2*d. What are the prime factors of z?
2
Suppose -8*c + 7*c = -12. Suppose 7*a - 30 = -5*d + 2*a, -3*d + c = 5*a. What are the prime factors of d?
3
List the prime factors of ((-18)/(-36))/(1/1094).
547
Let w = 4 + 2. Suppose -7*p + 19 = -w*p. Let b = p + 44. What are the prime factors of b?
3, 7
Let b be (-60)/(-80) + 529/4. Suppose 4*l + 5*f = 545, 4*l + b = 5*l - 2*f. List the prime factors of l.
3, 5
Let w(q) = q**3 - 3*q**2 - 2*q - 4. Let i = 1 - -3. Let v be w(i). List the prime factors of (23/v)/(4/16).
23
Suppose -3*l = -5 - 19. Let k be 2/(-4)*2 - (-84)/28. Let h = l - k. List the prime factors of h.
2, 3
Let y be (1 - (-56)/3)*-3. Let n = y - -101. Suppose -4*m = 2*u - 58, 0 = u - 4*m - n + 7. What are the prime factors of u?
31
Let l = 987 - 1676. Let h = -416 - l. List the prime factors of h.
3, 7, 13
Let z(x) be the first derivative of 2*x - 15/2*x**2 + 6 - 1/3*x**3. What are the prime factors of z(-6)?
2, 7
Suppose 4*b - 28 = -3*c, 4*b - 4 = -3*c + 6*b. Suppose 0 = 5*y + c*d - 745, -3*d + 585 = 4*y - 2*d. What are the prime factors of y?
5, 29
Let k = 135 + -54. List the prime factors of (4 - (-4 + 8)) + k.
3
Suppose -n = -5*p - 26, 4*n = 2*n - 2*p + 52. What are the prime factors of (-2)/(-1) + n/1?
2, 7
Let b(d) = -d**3 + d**2 + 5. Let f be b(0). Let k = -34 - -68. Suppose 3*p = -f*r + 106, 4*p = -4*r + 2*r + k. List the prime factors of r.
23
Suppose i - 3*p = 62, -p + 93 - 23 = i. What are the prime factors of i/(-4*1/(-2))?
2, 17
Let j be 83 + (-9)/(36/(-20)). Suppose 13 = 4*w - 3*d, 4*w - 3 = -2*d + 15. Suppose w*y = j + 4. What are the prime factors of y?
23
Let s = 1229 - -1279. What are the prime factors of s?
2, 3, 11, 19
Let r = 4025 + 668. List the prime factors of r.
13, 19
List the prime factors of (7 + -1 + -34)*-37.
2, 7, 37
Let i(z) = 3*z**2 - 2*z + 4. Let x be (-96)/(-10) - (-2)/5. Suppose 7 - x = v. What are the prime factors of i(v)?
37
Suppose 0 = 7*k - 2780 - 370. Suppose -i = -7*i + k. What are the prime factors of i?
3, 5
Let y = 15 + 696. What are the prime factors of y?
3, 79
Let w(l) = -2*l**3 - 5*l**2 - 25*l - 13. List the prime factors of w(-10).
3, 193
Suppose -3*a + 9 = 4*z, -5*z = -0*a + 2*a - 6. What are the prime factors of a*4/12 - -75?
2, 19
Suppose 0 = n + 2*q - 472, q - 150 = 4*n - 2074. List the prime factors of n.
2, 3, 5
Let o = 19 + 19. Suppose h - o - 169 = 0. List the prime factors of h.
3, 23
Suppose 0 = -s - 357 + 99. Let q = -181 - s. What are the prime factors of q?
7, 11
Suppose 2 + 30 = -4*m. Let p(y) = -y**3 - 6*y**2 + 17*y + 2. Let g be p(2). What are the prime factors of g/m*-62 + -1?
2, 3, 5
What are the prime factors of ((-9)/6)/((-21)/14392)?
2, 257
Suppose 0 = 2*m + 8 - 36. Let g be ((-22)/(-2))/(1 - 2). Let z = g + m. List the prime factors of z.
3
Let f(n) = 3*n**2 - 27*n + 124. What are the prime factors of f(24)?
2, 7, 43
Suppose 30*y + 3640 = 49030. List the prime factors of y.
17, 89
Suppose 3*s = 2*o + 329, 2*s = 2*o + 257 + 71. Let z = o + 232. Suppose -4*u + z = -51. What are the prime factors of u?
2, 3, 5
Let c(w) = 2*w**2 + 5*w - 51. List the prime factors of c(15).
2, 3, 79
Suppose -h = -t + 18, h - 69 = -5*t - h. Suppose 0 = 6*z - z - t, 3*n - 189 = -3*z. What are the prime factors of n?
2, 3, 5
Let h(l) = -l**2 - l + 96. Let o be h(0). Let i = o + -43. What are the prime factors of i?
53
Let o = -758 + 1035. What are the prime factors of o?
277
Suppose -7 = 5*b - 17. Suppose 2*n = -0*n. List the prime factors of (-9)/(-3 + n + b).
3
What are the prime factors of 8745/10*((-50)/(-15) + -2)?
2, 11, 53
Suppose -10768 - 8877 = -5*t. What are the prime factors of t?
3929
Let q = -822 - -1333. What are the prime factors of q?
7, 73
Suppose 0 = 4*a, 3*x - 5*a + 4 = -2. Let z = 6 + x. What are the prime factors of z?
2
Let q = 651 - 422. Suppose 3*b = -4*g - 6, b = 5*g - 1 - 1. Suppose 2*n - 158 = -2*t, g = 3*n - 4*t + 3*t - q. What are the prime factors of n?
7, 11
Let y = -183 + 333. Suppose -6*o + 0*o = -y. What are the prime factors of o?
5
Let s = 42 + -22. Let m = 25 - s. Suppose 6*a - 3*f = a + 190, 2*a - m*f - 95 = 0. List the prime factors of a.
5, 7
Let t = -189 + 298. Suppose -t + 381 = 2*k. What are the prime factors of k?
2, 17
Let m = -3110 - -5399. List the prime factors of m.
3, 7, 109
Let i be (-627)/2*40/(-60). Suppose 0 = -3*d - 4*x + 2*x + i, -2*x = -3*d + 217. List the prime factors of d.
71
Let p be 24/(-14) - (74/14 - 5). List the prime factors of p + (7 - 4) - (-417)/3.
2, 5, 7
Suppose 34*r = 29*r + 620. What are the prime factors of r?
2, 31
Let j(d) = d**3 - 2*d**2 + 37*d - 2. What are the prime factors of j(13)?
2, 7, 167
Let j = 37 + -72. What are the prime factors of (j/(-20))/((-3)/(-24))?
2, 7
Suppose 0 = -v - y + 1394, -3*v + 5*y + 6356 = 2174. What are the prime factors of v?
2, 17, 41
Let h(j) = 7*j**3 - j**2 - j - 3. Let n be h(3). Let r(z) = -10*z - 6. Let w be r(-1). Suppose -m - n = -w*m. What are the prime factors of m?
2, 29
Suppose 709 = -7*j + 1990. Let o = -69 + j. List the prime factors of o.
2, 3, 19
Suppose 36 = -11*s + 179. Let n = s - -53. What are the prime factors of n?
2, 3, 11
Let k(c) = 11*c + 6. Let m be k(7). Let w = -32 + m. Let l = w - 9. What are the prime factors of l?
2, 3, 7
Let h be (-3)/(-6) + 13/(-2). Let k(w) = w**3 - 5*w**2 - 2*w - 1. Let o be k(6). Let b = h + o. What are the prime factors of b?
17
Let k(f) = f**3 + 2*f**2 - 1. Let h be k(1). Let p be 0/(h + -2 + -1). Suppose x = -p*x + 47. What are the prime factors of x?
47
Suppose 4*r - 26 = -6. Suppose -r*f - 16 = -2*h, -2*h + 25 = 2*f - 19. Suppose t = -2*i + 3*i - 6, 3*i + 2*t = h. List the prime factors of i.
2, 3
Let l(u) = 5*u**2 + 36*u - 86. List the prime factors of l(-25).
3, 23, 31
List the prime factors of 19250/40 - (-1)/(-4).
13, 37
Suppose -28*u + 149 = -29*u. Let c = 248 + u. What are the prime factors of c?
3, 11
Suppose -f = -80 - 71. Let j = 220 - f. List the prime factors of j.
3, 23
Suppose -15 = 5*a, -4*o + a = -0*a - 599. List the prime factors of o/4 + -1 - (-2)/(-8).
2, 3
Let n be (3*5 + 2)/1. Suppose 3*c - 2*u - 9 = 6, -3*c + 4*u + 15 = 0. Suppose -2*a + 16 = -5*w - n, c*w = -3*a + 12. What are the prime factors of a?
3
Let v(i) = 2 + 2 - 7 - 2*i**2 - 5*i + 6*i**2. What are the prime factors of v(5)?
2, 3
Let g be 0/(-7 + (4 - 0)). Suppose -k = -0*k + 2*f - 16, -49 = -4*k - 5*f. Let m = k + g. List the prime factors of m.
2, 3
Suppose -4*c + 28 = -s - 0*s, -s - 22 = -c. Let r = s + -49. Let n = 102 + r. What are the prime factors of n?
3, 11
Let v = -13 - -15. Suppose 0 = -4*r + 98 - v. Suppose 4*z - 108 = r. List the prime factors of z.
3, 11
Let q(y) = y**2 - 3*y + 2. Suppose -25 = -5*t + l - 0*l, 0 = -t + 5*l + 29. Let c be q(t). Suppose c*p = p + 55. What are the prime factors of p?
11
Suppose 5*l - 2*l - 195 = 0. Let z = l - 16. What are the prime factors of z?
7
Suppose -3*o = -h - 3, 0 = 3*h + 3*o - 16 - 11. Let r be 2/h - 66/(-18). Suppose 0*a = r*a + 2*i - 12, 2*a - 2*i - 12 = 0. List the prime factors of a.
2
List the prime factors of (4 - 1)/((-9)/(-1014)).
2, 13
Suppose 3 = u - 4*u. Let c = 4 - u. List the prime factors of c.
5
Let g = 36 - -43. Let k = 31 + 106. Let d = k - g. What are the prime factors of d?
2, 29
Suppose -n - 2*h + 416 = -h, 2*n + 3*h = 833. List the prime factors of n.
5, 83
Let w be ((-18)/(-8) - 0)*112/(-42). Let q(x) = -7*x + 8. What are the prime factors of q(w)?
2, 5
Let l(i) = 19*i**2 - 21*i + 1. What are the prime factors of l(3)?
109
Let v(x) be the second derivative of x**3/6 - 7*x**2/2 + 7*x. Let h be v(9). Suppose -2*y - h*y = -204. List the prime factors of y.
3, 17
Suppose 10*g - 4*g = -1212. Let r = -63 - g. What are the prime factors of r?
139
Let c(w) = 170*w**2 - 14*w + 16. What are the prime factors of c(-4)?
2, 349
Suppose 8*h - 6612 - 4892 = 0. What are the prime factors of h?
2, 719
Let c be 6/15*(-10)/(-2). Suppose 5*s = 2*d - 139, 0 = -3*d - 2*d - c*s + 275. What are the prime factors of d?
3, 19
Suppose 5*h + 3*v - 19 = 